 + 5*a - 3. Give p(1).
-42
Let p(y) = -y**3 + 40*y**2 - 327*y - 728. Determine p(15).
-8
Let v(t) = t**2 + 80*t + 998. Calculate v(-15).
23
Let y(g) = -40*g**2 + 535*g - 1341. Calculate y(10).
9
Let n(h) = -h**3 - 4*h**2 + 6*h - 15. Give n(-6).
21
Let u(f) = 3*f**3 - 13*f**2 - 93*f - 17. Give u(8).
-57
Let o(p) = 105*p - 3756. Calculate o(40).
444
Let s(z) = -z**2 - 43*z - 477. Calculate s(-45).
-567
Let k(r) = 2*r**3 + 36*r**2 + 27*r - 115. Give k(-17).
4
Let r(t) = -t**2 + 61*t + 876. Calculate r(-11).
84
Let a(u) = -u**3 + 5*u**2 - 10*u + 4. Calculate a(7).
-164
Let d(p) = -p**3 + 42*p**2 + 132*p + 136. Give d(45).
1
Let h(i) = i**2 + 18*i - 32. Give h(-20).
8
Let z(c) = c**2 + 3*c - 65. Give z(-10).
5
Let x(y) = -5*y**2 + 484*y + 1100. What is x(99)?
11
Let r(t) = 119*t - 2406. Determine r(20).
-26
Let p(k) = -3*k**2 - 174*k + 718. Give p(-62).
-26
Let v(m) = m**3 + 31*m**2 + 230*m + 42. What is v(-12)?
18
Let g(p) = 3*p**2 + 80*p - 116. Give g(5).
359
Let q(v) = -v**2 + 49*v - 330. What is q(39)?
60
Let y(z) = -7*z**2 + 30*z - 26. Determine y(4).
-18
Let j(f) = 10*f**2 - 18*f + 2. Calculate j(2).
6
Let k(p) = -p**3 + 46*p**2 - 35*p + 1589. Determine k(46).
-21
Let i(u) = -3*u**3 + 80*u**2 - 50*u + 13. Give i(26).
65
Let k(z) = 8*z + 224. Give k(-21).
56
Let m(r) = -14*r**2 - 23*r + 22. What is m(1)?
-15
Let d(t) = -t**2 + 26*t - 129. Determine d(6).
-9
Let w(v) = 2*v**3 - 17*v**2 - 25*v + 4. Determine w(10).
54
Let a(f) = -f**2 + 1084*f + 10951. Determine a(-10).
11
Let t(d) = -19*d + 72. Determine t(5).
-23
Let l(d) = d**2 + 7*d - 13. Determine l(6).
65
Let z(c) = -616*c**3 + c**2 + 15*c + 14. Determine z(-1).
616
Let i(s) = -1848*s + 18466. Give i(10).
-14
Let u(g) = -g**3 - 10*g**2 + 19*g + 272. What is u(-7)?
-8
Let t(i) = 875*i + 8746. Give t(-10).
-4
Let w(q) = -156*q**2 - 69*q - 70. Give w(-1).
-157
Let s(u) = -35*u + 3653. Determine s(102).
83
Let n(s) = -s**2 - 56*s - 353. Determine n(-7).
-10
Let u(p) = 2*p**3 - p**2 - 10. Determine u(0).
-10
Let i(c) = 17*c - 2755. Calculate i(160).
-35
Let y(d) = -d**3 + d**2 + 378*d + 34. Calculate y(20).
-6
Let v(n) = 417*n - 51. Give v(-1).
-468
Let f(d) = -d**2 + 18*d - 54. What is f(15)?
-9
Let n(v) = 3*v**3 + 3*v**2 - 18*v - 42. Calculate n(-2).
-18
Let q(g) = 249*g + 493. Determine q(-2).
-5
Let z(b) = -25*b - 1811. What is z(-72)?
-11
Let p(k) = 5*k**2 + 101*k - 17. Determine p(-23).
305
Let y(m) = -m**3 - 15*m**2 + 17*m + 575. What is y(-13)?
16
Let z(b) = -538*b + 4057. Determine z(7).
291
Let j(r) = -9*r - 27. Give j(-9).
54
Let s(j) = 32*j - 2218. Calculate s(69).
-10
Let v(l) = l**3 + 9*l**2 + 27*l + 375. Determine v(-10).
5
Let j(x) = -2*x**3 + 60*x**2 - 39*x + 234. What is j(29)?
785
Let d(y) = -97*y**3 - y**2 - y. Give d(1).
-99
Let o(d) = d**3 + d**2 + 4*d + 5. Calculate o(0).
5
Let h(c) = 215*c + 573. Determine h(-3).
-72
Let h(b) = -3*b**2 + 672*b + 2044. What is h(-3)?
1
Let d(g) = -g**2 + 7*g + 540. Calculate d(-20).
0
Let y(g) = -g**3 - 54*g**2 - 101*g + 180. Determine y(-52).
24
Let o(h) = h**3 - 23*h**2 + 30*h - 159. Calculate o(22).
17
Let c(n) = n**2 + 27*n + 111. Determine c(-18).
-51
Let a(f) = -13*f**2 + 98*f + 56. Determine a(8).
8
Let x(i) = 16*i - 75. Give x(3).
-27
Let d(q) = -2*q**3 - 11*q**2 - 43*q - 232. What is d(-6)?
62
Let j(l) = l**2 + 104*l + 651. Calculate j(-6).
63
Let v(w) = w**3 - 13*w**2 - 20*w + 380. What is v(11)?
-82
Let w(n) = 1194*n + 3575. What is w(-3)?
-7
Let x(l) = 11*l + 35. What is x(-18)?
-163
Let a(h) = h**3 - 40*h**2 - 49*h + 294. Give a(41).
-34
Let x(i) = i**3 - 43*i**2 + 45*i - 89. What is x(42)?
37
Let c(i) = i**3 - 28*i**2 + 31*i - 48. Give c(27).
60
Let u(z) = 8*z**2 + 199*z - 406. Calculate u(2).
24
Let k(x) = x**3 - 41*x**2 - 57*x - 1249. Give k(43).
-2
Let x(m) = -1529*m + 19917. Calculate x(13).
40
Let m(i) = -192*i - 1720. Give m(-9).
8
Let a(w) = 401*w + 2799. Determine a(-7).
-8
Let m(i) = -40*i - 1649. Give m(-41).
-9
Let d(p) = p**3 - 68*p**2 + 347*p + 1558. Determine d(62).
8
Let g(d) = 1702*d + 39148. Determine g(-23).
2
Let k(g) = 2*g**2 - 140*g - 125. Give k(71).
17
Let d(m) = m**3 + 7*m**2 - 5*m - 3. Determine d(3).
72
Let y(r) = -1794*r + 5386. Give y(3).
4
Let p(d) = 4*d + 573. Determine p(-144).
-3
Let p(f) = 32*f**2 + 193*f - 1. Calculate p(-6).
-7
Let t(q) = 629*q - 3160. Give t(5).
-15
Let g(j) = -133*j - 933. Give g(-7).
-2
Let t(g) = 15*g**2 - 50*g - 97. Determine t(-2).
63
Let v(f) = -f**2 + 23*f - 120. Give v(13).
10
Let l(c) = -3*c**2 + c + 250. Determine l(-9).
-2
Let q(s) = s**3 - 16*s**2 - 65*s - 61. Calculate q(20).
239
Let u(g) = 5*g**3 + 5*g**2 - 5*g - 19. What is u(-2)?
-29
Let x(w) = -w**2 - 14*w + 36. Determine x(6).
-84
Let x(w) = w**3 + 4*w**2 - 8*w + 30. Give x(-6).
6
Let m(y) = -y**2 - 89*y + 82. Calculate m(0).
82
Let h(c) = 2599*c + 26005. Give h(-10).
15
Let g(w) = 3*w**2 + 38*w + 151. What is g(-6)?
31
Let l(n) = -n**2 - 44*n - 445. What is l(-28)?
3
Let q(z) = 3*z + 87. Determine q(-24).
15
Let m(a) = 38*a**2 - 1525*a + 199. Give m(40).
-1
Let j(q) = q**3 - 37*q**2 - 211*q - 26. Calculate j(42).
-68
Let x(o) = -2*o**2 - 173*o + 1315. Give x(7).
6
Let h(b) = b**2 - 100*b + 1671. Determine h(21).
12
Let j(d) = d**2 + 90*d + 1187. Determine j(-16).
3
Let i(l) = -l**2 - 34*l - 211. What is i(-8)?
-3
Let v(j) = j**2 + 73*j + 1203. What is v(-25)?
3
Let v(p) = -12*p**2 + 26*p + 44. Give v(-2).
-56
Let p(r) = -4*r**2 - 197*r - 436. Give p(-47).
-13
Let s(g) = 5*g**2 + 62*g - 15. What is s(-13)?
24
Let t(p) = -p**3 + 37*p**2 - 252*p + 10. Determine t(28).
10
Let q(r) = 2*r**3 + 9*r**2 - 17*r + 8. Determine q(-6).
2
Let f(w) = 2*w + 13. Calculate f(-7).
-1
Let l(f) = -11*f**2 + 577*f - 257. Determine l(52).
3
Let t(o) = -3*o**2 - 22*o - 96. Calculate t(-16).
-512
Let x(v) = 44*v**3 + v**2 + 2*v. What is x(-1)?
-45
Let p(f) = 752*f + 23309. What is p(-31)?
-3
Let o(i) = i**2 - 53*i + 323. What is o(46)?
1
Let c(k) = -151*k + 992. What is c(8)?
-216
Let n(d) = -225*d - 237. Give n(0).
-237
Let u(d) = 1822*d + 10836. Determine u(-6).
-96
Let c(j) = -31*j + 907. Give c(30).
-23
Let k(r) = 14*r**2 - 30. Calculate k(0).
-30
Let x(n) = -n**3 - 20*n**2 + 2*n - 248. Give x(-21).
151
Let j(o) = -4*o**3 - 53*o**2 - 175*o - 36. Calculate j(-5).
14
Let n(w) = -w**3 - 46*w**2 - 2*w - 88. Determine n(-46).
4
Let n(j) = -86*j - 605. What is n(-7)?
-3
Let k(b) = 11*b + 553. Calculate k(-50).
3
Let o(u) = -56*u + 201. Give o(4).
-23
Let j(b) = -2*b**3 - 2*b + 7. What is j(0)?
7
Let j(t) = t**3 + 31*t**2 - 2*t - 36. Calculate j(-31).
26
Let x(l) = -2*l**3 + 47*l**2 - 24*l - 85. Determine x(23).
-108
Let z(l) = l**3 + 27*l**2 - 277*l + 112. Determine z(-35).
7
Let u(v) = 2*v**2 + 213*v - 180. Determine u(-108).
144
Let c(i) = -24*i - 78. Determine c(-3).
-6
Let k(h) = -17*h - 146. What is k(0)?
-146
Let i(v) = -v**2 + 14*v + 3. Determine i(5).
48
Let i(p) = 6*p**2 + 1536*p + 8992. Determine i(-6).
-8
Let j(u) = 2*u**2 + u - 101. Calculate j(-11).
130
Let i(l) = -l**3 + 11*l**2 + 7*l + 73. Give i(12).
13
Let o(i) = -i**2 + 49*i + 633. What is o(37)?
1077
Let d(p) = -4*p**2 + 38*p + 16. Calculate d(10).
-4
Let a(o) = 3*o**3 + 12*o**2 + 1424*o + 5703. What is a(-4)?
7
Let p(m) = -2*m**2 - 59*m + 648. What is p(-38)?
2
Let w(i) = 22*i**3 - 3*i**2 - 2*i + 1. What is w(-1)?
-22
Let t(b) = b**3 - 16*b**2 - 35*b + 60. Calculate t(18).
78
Let b(f) = 8*f**2 - 131*f + 441. Determine b(12).
21
Let q(f) = f**3 + 56*f**2 - 172*f + 286. Determine q(-59).
-9
Let z(m) = m**3 + 9*m**2 + 22*m + 15. What is z(-3)?
3
Let r(l) = 14*l**2 - 474*l - 562. Give r(35).
-2
Let d(u) = -3*u**2 + 26*u - 38. Calculate d(2).
2
Let q(h) = -h**3 - 25*h**2 + 59*h + 133. Determine q(-26).
-725
Let v(f) = f**2 + 298*f + 4780. What is v(-17)?
3
Let m(o) = -28*o - 1448. What is m(-33)?
-524
Let t(f) = -192*f + 972. Calculate t(5).
12
Let t(h) = 15*h - 278. Calculate t(19).
7
Let a(k) = k**3 - 6*k**2 - 103*k + 637. Give a(6).
19
Let t(w) = -2*w**2 - 136*w - 271. What is t(-66)?
-7
Let b(i) = -i**3 - i**2 - 62*i - 408. Give b(-5).
2
Let c(b) = -7*b**2 - 203*b - 200. Give c(-28).
-4
Let n(w) = -w**3 + 3*w**2 - 3*w - 5. Determine n(-1).
2
Let i(u) = -189*u + 755. Determine i(4).
-1
Let l(s) = -s**2 - 57*s + 8307. Determine l(67).
-1
Let b(z) = -7*z - 193